e y(5).
-72
Let f(t) = 3*t**2 - 3*t + 1. What is f(2)?
7
Let s(n) = -9*n - 1. Give s(-2).
17
Let q(d) = d**2 + 45*d + 158. Calculate q(-41).
-6
Let r(f) = -5*f + 17. Calculate r(4).
-3
Let d(v) = v**2 + 15*v + 46. Give d(-11).
2
Let l(d) = 136*d**2 + 4*d + 1. Give l(-1).
133
Let g(h) = h**3 - 4*h**2 - 15*h - 43. Calculate g(7).
-1
Let v(r) = -r**2 - 11*r - 6. Determine v(-10).
4
Let q(l) = l**2 + l - 2. Determine q(6).
40
Let k(z) = z**2 - z - 3. Give k(0).
-3
Let s(k) = 4*k - 4. Calculate s(-3).
-16
Let f(s) = -2*s + 14. Determine f(10).
-6
Let j(i) = -i - 38. What is j(-43)?
5
Let l(c) = c**2 + 14*c - 59. What is l(-18)?
13
Let q(d) = d**3 + 5*d**2 + 17*d + 87. Determine q(-5).
2
Let c(t) = -6*t + 121. What is c(29)?
-53
Let o(h) = h**3 + 2*h**2 - 15*h - 29. Determine o(-4).
-1
Let h(k) = 6*k - 1. Give h(-5).
-31
Let k(v) = -v**2 - 13*v + 19. Calculate k(-14).
5
Let w(h) = -2*h - 9. Determine w(-12).
15
Let l(y) = -y**2 + 4*y + 4. Determine l(4).
4
Let q(f) = f**3 + 4*f**2 + f - 3. Determine q(-4).
-7
Let i(g) = -5*g**2 + 19*g - 8. Give i(2).
10
Let l(p) = 35*p - 2. What is l(4)?
138
Let b(a) = -9*a + 109. Calculate b(12).
1
Let j(w) = -w**3 + 11*w**2 + 9*w + 31. Give j(12).
-5
Let u(g) = -g**3 + 2*g**2 + 3*g - 1. What is u(-1)?
-1
Let b(v) = v**3 + 17*v**2 + 13*v - 34. What is b(-16)?
14
Let z(m) = 2*m**2 + 19*m - 3. What is z(-9)?
-12
Let j(v) = -v + 3. What is j(-4)?
7
Let a(z) = -3*z**2 - 39*z + 21. Calculate a(-14).
-21
Let t(d) = d**2 + 10*d + 4. Calculate t(-9).
-5
Let y(i) = -i**3 + 8*i**2 - 6*i + 4. What is y(7)?
11
Let w(a) = -a + 2. Give w(11).
-9
Let s(a) = a - 2. Calculate s(8).
6
Let y(m) = -m**3 + 4*m**2 + 15*m - 9. Give y(6).
9
Let c(w) = w**3 - 12*w**2 + w - 7. What is c(12)?
5
Let h(d) = -d**3 + d**2 - d - 22. Determine h(0).
-22
Let n(p) = 3*p**2 + 22*p + 3. Give n(-8).
19
Let r(v) = -5*v - 30. Give r(-8).
10
Let o(w) = w**2 + 3*w - 20. Calculate o(-7).
8
Let i(h) = -2*h + 14. Determine i(-18).
50
Let u(z) = z**3 + 11*z**2 + 11*z - 4. Calculate u(-9).
59
Let f(y) = -y**2 - y - 241. Give f(0).
-241
Let a(h) = -7*h + 1. Calculate a(-2).
15
Let x(n) = 4*n + 44. Determine x(-10).
4
Let s(h) = -2*h - 4. Determine s(1).
-6
Let h(g) = -8*g + 59. What is h(10)?
-21
Let o(i) = -14*i + 17. What is o(1)?
3
Let d(n) = -n**3 + 8*n**2 - 7*n + 10. Give d(7).
10
Let p(u) = u**3 + 8*u**2 - 2*u + 14. Determine p(-9).
-49
Let w(j) = j**2 + 19*j + 2. Calculate w(-8).
-86
Let d(g) = g**3 - g**2 - 11*g + 21. Determine d(3).
6
Let d(h) = -4*h - 7. Give d(-7).
21
Let b(d) = -11*d + 21. Give b(6).
-45
Let u(g) = g**2 + 10*g - 10. Determine u(-9).
-19
Let l(v) = 7*v + 160. Give l(-11).
83
Let j(k) = -k**2 - 9*k + 15. Give j(6).
-75
Let l(d) = -9*d - 2. What is l(-3)?
25
Let h(c) = c**2 - 3*c - 28. Determine h(0).
-28
Let d(h) = -h**2 + 10*h - 19. Determine d(4).
5
Let p(d) = 2*d**2 - 14*d + 15. Calculate p(4).
-9
Let a(c) = c**3 + 2*c**2 - 6. What is a(0)?
-6
Let o(a) = 13*a - 3. Calculate o(3).
36
Let f(l) = -55*l + 110. What is f(2)?
0
Let v(g) = 2*g**3 - 9*g**2 - 16*g + 1. What is v(5)?
-54
Let b(v) = 5*v - 38. Calculate b(6).
-8
Let g(j) = -37*j - 993. Calculate g(-27).
6
Let m(p) = 4*p + 7. What is m(3)?
19
Let m(y) = -12*y + 6. Give m(-1).
18
Let m(o) = -13*o + 48. Give m(4).
-4
Let v(b) = b**3 + 9*b**2 + 3*b + 25. Give v(-9).
-2
Let s(p) = -p**3 - 2*p**2 + 4*p. Determine s(-4).
16
Let b(f) = f**3 + 5*f**2 - 3*f. What is b(-5)?
15
Let h(f) = 5*f - 4. Give h(-3).
-19
Let r(t) = 2*t**2 + 102*t + 5. Calculate r(-51).
5
Let v(i) = -139*i**3 + i**2 + i - 1. Determine v(1).
-138
Let u(p) = p**2 - 16*p - 29. What is u(17)?
-12
Let j(c) = 3*c**3 + 19*c**2 + 4*c - 5. Give j(-6).
7
Let m(j) = j**2 + 4*j - 13. Calculate m(-7).
8
Let u(x) = x**2 - x - 10. Determine u(0).
-10
Let o(h) = -h - 37. What is o(-8)?
-29
Let c(u) = 2*u**3 - 23*u**2 + 10*u + 5. What is c(11)?
-6
Let j(p) = -2*p**3 - 31*p**2 - 16*p + 22. Calculate j(-15).
37
Let i(o) = -18*o - 29. Determine i(-2).
7
Let m(k) = -k**3 + 9*k**2 - 3*k + 14. Determine m(9).
-13
Let v(q) = -6*q**3 - q**2 + 5*q + 9. Determine v(-3).
147
Let s(i) = -3*i**2 + 2. What is s(-2)?
-10
Let k(f) = 3*f + 10. Calculate k(7).
31
Let r(o) = 5*o**2 - 15*o - 1. What is r(2)?
-11
Let w(q) = q**2 + 6*q - 14. What is w(-8)?
2
Let d(a) = a**2 - 17*a + 58. Give d(11).
-8
Let i(w) = -w**2 + 16*w - 6. What is i(14)?
22
Let u(m) = -4*m - 59. Give u(-11).
-15
Let y(w) = 121*w + 730. What is y(-6)?
4
Let c(g) = -g**2 + 20*g + 20. What is c(21)?
-1
Let i(y) = -2*y + 17. Calculate i(6).
5
Let j(l) = -l**3 - 11*l**2 - 12*l - 27. What is j(-10)?
-7
Let v(c) = -c**3 - 5*c**2 - 2*c - 5. What is v(-5)?
5
Let v(t) = -t**3 + 17*t**2 - 32*t + 35. Calculate v(15).
5
Let p(u) = -u**3 - 17*u**2 - 19*u - 46. Calculate p(-16).
2
Let w(q) = q**2 + 6*q - 7. Give w(-8).
9
Let f(s) = -6*s - 20. Calculate f(-5).
10
Let j(k) = 3*k**2 - 31*k - 4. Calculate j(11).
18
Let y(b) = b**2 - b - 11. What is y(0)?
-11
Let j(z) = z**3 + 7*z**2 + 9*z + 14. What is j(-6)?
-4
Let n(h) = 84*h - 331. Determine n(4).
5
Let k(z) = 37*z**2 - 4*z + 3. Determine k(1).
36
Let r(a) = a**3 + 7*a**2 - 6*a - 7. What is r(-8)?
-23
Let s(x) = 3*x + 34. Give s(-11).
1
Let d(p) = -p**3 + 5*p**2 + 42. Calculate d(6).
6
Let t(l) = -l**3 + 5*l**2 + 8*l - 10. Give t(7).
-52
Let u(b) = b**2 - 8*b - 4. Give u(7).
-11
Let i(f) = 2*f**2 - 6*f. Calculate i(4).
8
Let b(a) = -2*a - 38. What is b(0)?
-38
Let o(k) = k**3 + 2*k**2 - 6*k - 7. What is o(-4)?
-15
Let k(s) = 11*s + 175. Determine k(-14).
21
Let b(x) = 9*x**2 + 3*x + 4. What is b(-2)?
34
Let y(r) = 2*r + 6. Give y(2).
10
Let g(f) = -f**3 + 2*f - 2. Calculate g(1).
-1
Let g(t) = 8*t + 12. What is g(-6)?
-36
Let i(r) = 83*r + 1. Calculate i(1).
84
Let o(p) = -p**2 - p + 22. Give o(0).
22
Let p(f) = f**3 - 53*f**2 + 103*f - 46. What is p(51)?
5
Let d(l) = -l**2 - 26*l + 79. Calculate d(-27).
52
Let h(m) = m**2 + 14*m - 11. What is h(-12)?
-35
Let y(d) = d + 3. Give y(-9).
-6
Let q(h) = -19*h + 79. What is q(6)?
-35
Let g(o) = o**3 + 12*o**2 - 15*o - 20. Give g(-13).
6
Let j(w) = -w**3 + 18*w**2 - 63*w - 16. Calculate j(13).
10
Let n(l) = 3*l**3 + l**2 + 1. Calculate n(-2).
-19
Let f(h) = -h**3 + 28*h**2 - 29*h + 59. What is f(27)?
5
Let l(r) = -2*r**3 + 4*r**2 - r - 2. What is l(2)?
-4
Let f(t) = -5*t + 23. Determine f(-11).
78
Let z(c) = 8*c**2. Give z(-1).
8
Let d(g) = g**3 + 11*g**2 - 12*g - 7. Calculate d(-12).
-7
Let d(a) = 58*a - 8. Calculate d(0).
-8
Let h(r) = r**2 + r - 7. Give h(-5).
13
Let i(s) = 14*s + 51. Determine i(-3).
9
Let u(d) = 10*d - 26. Calculate u(3).
4
Let v(z) = -3*z - 68. What is v(-21)?
-5
Let o(k) = -k**3 + 3*k**2 + 8*k + 7. Give o(5).
-3
Let d(a) = -2*a + 1. Determine d(0).
1
Let c(a) = -2*a**2 - 14*a - 4. Calculate c(-7).
-4
Let u(h) = 2*h + 13. Determine u(-6).
1
Let i(c) = c**3 + 16*c**2 + 16*c + 17. Determine i(-15).
2
Let l(m) = -m**3 - 3*m - 15. Determine l(5).
-155
Let b(k) = k**3 + 70*k**2 + 3*k + 213. Give b(-70).
3
Let f(d) = -d**2 + 5*d + 26. Give f(7).
12
Let x(i) = i**2 - 12*i - 30. Give x(14).
-2
Let f(y) = -2*y - 24. What is f(-13)?
2
Let u(x) = 6*x**2 - 45*x - 26. Determine u(8).
-2
Let t(k) = k**3 - k**2 - 3*k - 2. Give t(3).
7
Let m(y) = y**2 - 11*y + 10. Give m(8).
-14
Let q(k) = -3*k + 4. Calculate q(-3).
13
Let k(d) = 3*d + 22. Give k(-10).
-8
Let r(a) = -a + 19. What is r(-15)?
34
Let v(h) = -2*h + 3. Determine v(5).
-7
Let u(g) = 88*g + 1230. Give u(-14).
-2
Let a(v) = -v + 9. Calculate a(8).
1
Let z(p) = -8*p + 34. What is z(4)?
2
Let m(b) = -b**3 - 11*b**2 - 11*b + 8. Give m(-9).
-55
Let h(n) = -n**2 + 9*n - 16. Calculate h(4).
4
Let j(l) = -5*l**2 - 2*l + 6. Calculate j(-3).
-33
Let q(c) = -c**3 + 9*c**2 + 11*c - 10. Determine q(10).
0
Let i(z) = -9*z - 101. Give i(-10).
-11
Let c(r) = -7*r**3 + 2*r**2 - 1. What is c(1)?
-6
Let o(z) = -z - 10. Give o(3).
-13
Let g(x) = -8*x + 7. What is g(-8)?
71
Let u(k) = 2*k**2 - 4*k - 5. Determine u(4).
11
Let c(h) = h**3 + 4*h**2 - 3*h - 5. What is c(-5)?
-15
Let n(l) = 2*l + 7. Determine n(6).
19
Let x(g) = -35*g - 81. Calculate x(-2).
-11
Let p(n) = n - 7. Calculate p(0).
-7
Let b(j) = 11*j - 19. Calculate b(2).
3
Let o(k) = -15*k - 831. What is o(-55)?
-6
Let h(q) = 20*q + 82. Determine h(-4).
2
Let x(m) = 2*m**2 + 12*m - 4. What is